housands digit of p?
3
Let r be 1 + (5/2 - 4/(-8)). Let d be (1076/(-2))/(7 - (9 - r)). Let t = d - -392. What is the tens digit of t?
2
Let q = -5167 + 7130. What is the tens digit of q?
6
Suppose -4 = -p, 3*z + 309*p - 14470 = 305*p. What is the hundreds digit of z?
8
Let t = -22526 + 35508. What is the thousands digit of t?
2
Suppose -m + 12 - 2 = 0. Let l be 1 + 794/(-9) + 6/27. Let p = m - l. What is the units digit of p?
7
Let q = 24 + -17. Let i(h) = -h**3 + 8*h**2 + 2*h + 2. Let p be i(q). Suppose -p - 250 = -5*f. What is the tens digit of f?
6
Let r be (-46)/161 - (-142)/7. Suppose 3*q + 15 = 3*y, -2*q = 2*y - 6*q - r. Suppose y = -2*o + 310 + 2. What is the hundreds digit of o?
1
Let s(a) = -a**3 - 15*a**2 - 18*a - 10. Let k = -19 - -24. Suppose -75 = 8*y - 3*y + k*x, 3*x + 3 = 0. What is the tens digit of s(y)?
4
Suppose 11284 = 10*y - 6266. What is the tens digit of 63/49 + -1 - y/(-7)?
5
Let s be 1569/12 - (1 - 54/24). Suppose -u + s = -342. What is the tens digit of u?
7
Let d(x) = 5*x**2 - x - 8. Let a be 1/(-3 + 20/6). Suppose 0 = 2*m + v + 11, -m - 2*v - 1 = -a*v. What is the units digit of d(m)?
6
Let k(n) = 126*n**2 + 75*n + 217. What is the tens digit of k(-3)?
2
Suppose -16 = 4*i - 220. Let a = 15 + -15. Suppose a = g + 4*q - 11 - i, 2 = 2*q. What is the units digit of g?
8
What is the thousands digit of (6*235/15)/(9 + 21285/(-2367))?
2
Suppose 2*q = 4*q + 5*t - 72, -3*q + 5*t + 108 = 0. Suppose -2*b = -2*p - q, 5*p = 3*p + 8. What is the tens digit of b?
2
What is the units digit of 1150 + -1145 - (1 + 4/1)*-10144?
5
Suppose -2158 = -3*f + 5*o, 3*f + 0*o + 2*o - 2186 = 0. Suppose 2*d - 258 = f. What is the hundreds digit of d?
4
Let b(w) = 7004*w**2 - 30*w + 9. What is the thousands digit of b(1)?
6
What is the hundreds digit of -9 + -7*9848/(-28)?
4
Let m = -741 - -389. Let q be (-400)/104 + 6/(-39). What is the hundreds digit of (q/(112/(-21)))/((-2)/m)?
1
Suppose -14*t + 15 = -13*t. Let k = 123 - t. What is the units digit of k?
8
What is the units digit of (-1340)/(1*12/(-18))?
0
Suppose -3*d = -4*u + 534 - 0, -3*u - d = -394. Suppose 0 = 4*h - h + 3. What is the units digit of h/(4 - 532/u)?
3
Let j be 23030/20 - (-6)/4. Let k = j - 736. What is the hundreds digit of k?
4
Suppose 333*v - 337*v = -16320. Suppose 4*o = -3*p + 4052, 0 = -0*o - 4*o + 4*p + v. What is the hundreds digit of o?
0
Suppose 23000 = f + 4*d + 5694, -2*f = 3*d - 34617. What is the thousands digit of f?
7
Suppose 590 = 5*r - 5*g, 0 = r - 3*g - 0*g - 114. Let d be r/(-36)*(-6)/4. What is the units digit of (d - (-182)/4)*(2 + 0)?
1
What is the thousands digit of ((6/12)/(-1))/((-2)/26500)?
6
Let p(r) = 2*r + 2. Let u be p(0). Suppose -5*o - 3*t = -254, 9 = -u*t + 5*t. Suppose 7*l - 6*l = o. What is the tens digit of l?
4
Let w(i) be the second derivative of -2*i**3/3 + 10*i**2 - 22*i - 2. What is the tens digit of w(-8)?
5
Let p = 10052 - 9221. What is the hundreds digit of p?
8
Let y(i) = -3*i + 120. Let n be y(34). Suppose -n*r = -8179 - 9659. What is the hundreds digit of r?
9
Suppose -3317*m + 3330*m - 107512 = 100293. What is the ten thousands digit of m?
1
Let d(l) = 2*l**2 - 33*l - 168. Let i be (7/(-210)*-15)/(2/(-28)). What is the hundreds digit of d(i)?
1
Suppose -3*p + a = 1434, 5*p - 8*a + 2390 = -11*a. What is the units digit of p/1673 - 2/(-14)*6953?
3
Let b(h) = -112*h**3 + h**2 - 2*h + 1. Let z be 1 - 1 - -4*4/16. Let i be b(z). Let u = -6 - i. What is the tens digit of u?
0
Let s = 12596 - 4558. What is the thousands digit of s?
8
Let a = -44 - -73. Let r = -22 + a. Suppose 2*v - r = 3. What is the units digit of v?
5
What is the tens digit of (-1)/((48/(-6))/8)*1744?
4
What is the ten thousands digit of (14 - 22) + 53245 + -24?
5
What is the hundreds digit of (1 + 11/(-55))*20155?
1
What is the thousands digit of (2416*39/(-130))/(0 - 4/70)?
2
Let z(w) = -w**3 + 66*w**2 + 162*w - 1080. What is the hundreds digit of z(65)?
6
Suppose 7*o + 93852 = 3*n, 2*n - 2400 = -3*o + 60122. What is the tens digit of n?
7
Let s = -35 - -43. Let d = 10 - s. What is the tens digit of (65/d)/(6/12)?
6
Suppose -2*w + 0*w = -8, 0 = -5*f + 2*w - 398. Let m = 91 + f. Suppose -m*a = -12*a - 97. What is the units digit of a?
7
Suppose -3*x = v - 23507, -x + 7840 = -382*v + 378*v. What is the thousands digit of x?
7
Suppose -16744 = -19*n + 33*n. Let q = n - -1723. What is the tens digit of q?
2
Let w(h) = 1255*h - 260. Let k(i) = 140*i - 29. Let o(s) = -35*k(s) + 4*w(s). What is the units digit of o(5)?
5
Let d be (-324)/(-30)*10/(-2). Suppose 294 = 3*k - 0*k - 2*w, 2*w = -k + 106. Let s = k + d. What is the units digit of s?
6
What is the thousands digit of (-36 - -37)*-36546*1*(-4)/6?
4
Suppose -q = -4*u - 4743 - 3803, 2*u + 42712 = 5*q. What is the thousands digit of q?
8
Let v = -3979 - 1286. What is the tens digit of ((-4)/(-5))/((-9)/v)?
6
Let z = 32885 + -23798. What is the units digit of z?
7
Let h = 236 + -157. Suppose -81*p + 1948 = -h*p. What is the hundreds digit of p?
9
Let c = 25042 - -13610. Suppose 47*o - 35232 = c. What is the tens digit of o?
7
Suppose 4*f - 6 = 5*f + 2*u, -f - u - 1 = 0. Suppose 0 = g + f, 3*g - 1774 = l - 3*l. What is the units digit of l?
3
Let z(a) be the third derivative of 7*a**6/120 - a**5/30 - a**4/12 + a**3/3 + a**2. Suppose v = -4*j + 11*j + 2, 0 = -3*j. What is the tens digit of z(v)?
4
Suppose -2*b - 4*v = 3*b + 1784, -3*b = -3*v + 1092. Let l = b - -644. What is the units digit of l?
4
Suppose -2*d - 9*d = 5*d. Suppose -3*j + 2*w + 985 = d, -j + w - 3*w = -339. What is the tens digit of j?
3
Let k(v) = -2*v - 9. Let c be k(4). Let b = c - -17. Suppose g = -4*s + 46, -4*g + 9*g + 2*s - 176 = b. What is the tens digit of g?
3
Let c be 7 + -4 - (0 - 0)/(-4). Suppose -14*l = -13*l. Suppose c*u - 6*u + 81 = l. What is the tens digit of u?
2
Suppose 74*k = 23*k + 195024. What is the units digit of k?
4
Suppose k - 117 = -121, 4*v - 5*k = 21644. What is the units digit of v?
6
Let o be (0/(-3))/(4/4). Suppose o = 6*k - 11*k + 40. Suppose k*n - 21 = n. What is the units digit of n?
3
Let z = 30 + -25. Suppose 2*j - 10 = -5*l + 4*l, -z*j = 3*l - 28. What is the units digit of -1 + -1 + (-93)/l*-2?
9
Let c be 608/64 + 1/2. Suppose -c*p - 697 = -27*p. Let x = p + 84. What is the tens digit of x?
2
Suppose 201414 = 51*r + 55146. What is the thousands digit of r?
2
Let z = -11688 + 21313. What is the hundreds digit of z?
6
Let b(n) = -3*n**3 + 3*n**2 + 2*n - 8. Let j be b(-6). Suppose -5*i + 935 = 5*w, -4*w + 0*i + 2*i = -j. Let k = w + -114. What is the tens digit of k?
7
Let n be 1/(-2)*(-2 - 2). Let b(o) = o**3 + 3*o**2 - 110*o - 547. Let u be b(-6). What is the units digit of (-286)/(((-16)/20)/(n/u))?
3
Let b(d) = -2620*d - 167. What is the tens digit of b(-6)?
5
Suppose -61*p - 63000 = -66*p + 5*n, 3*p - 2*n - 37801 = 0. What is the units digit of p?
1
Suppose 2*v - 3*u - 4599 = 150, -5*u = -3*v + 7122. What is the units digit of v?
9
Let v(q) be the third derivative of q**6/120 - q**5/4 - 5*q**4/12 - q**3/2 + 47*q**2. Let r = 48 + -32. What is the tens digit of v(r)?
9
Let s be 879 - 2/(-6)*3. Let v(g) = -g**2 + 19*g - 58. Let z be v(15). Suppose s = -z*f + 13*f. What is the units digit of f?
0
What is the tens digit of (-6)/24 + (-262580)/(-80)?
8
What is the thousands digit of 4940 - (2 - 0/((-45)/(-9)))?
4
Let p = 706 - 358. Let v(t) = 2*t + 3*t**2 + 7*t - p + 325. What is the units digit of v(-8)?
7
Suppose -10*k - 70 + 30 = 0. Let b(d) = 49*d**2 + d - 9. Let h be b(k). Suppose h = 57*g - 54*g. What is the tens digit of g?
5
Let r(f) = 2*f**2 + 21*f + 68. Let v be r(-5). What is the units digit of 1398/1 - (-8 + v - 5)?
8
Let z = 93 - 70. Suppose 42 = -z*i + 16*i. What is the tens digit of (8*i/60)/(4/(-770))?
5
Suppose 0 = 8*k + 148130 - 448794. What is the ten thousands digit of k?
3
Let u be (1/(-3))/((-1)/33). Suppose -5*y = r + 18, -2*y + 49*r = 48*r + 3. What is the tens digit of u + y + 18/3?
1
Suppose 25*w - 223933 = 199592. What is the hundreds digit of w?
9
Let i(r) = 2*r**3 - 16*r**2 + 5*r - 213. What is the hundreds digit of i(18)?
3
Suppose 4*a = -14*y + 15*y - 17171, 5*a = 15. What is the ten thousands digit of y?
1
Suppose 50286 = 5*n + 97*n. What is the tens digit of n?
9
Let t(h) be th